the hundreds digit of (i + 11)/(21/1428)?
4
Suppose -5*v - 3*c + 8 = 0, 7 = -2*v + 5*c + 35. Let b be (-72)/(-60)*30/v - 2. Let j(s) = 2*s + 3. What is the units digit of j(b)?
7
Suppose -88376 = -4*k - 2*b, 5*k + 3*b - 41541 = 68930. What is the tens digit of k?
9
Let o be 794 + (13 - 10) + 2/(-2). Suppose -13*c + o = -3455. What is the tens digit of c?
2
Suppose 4*q - 4*s + 796 = 0, 0*s - 5*s = 15. Let n = 17 - q. What is the units digit of n?
9
Let z(g) = -2*g**3 + 19*g**2 - 5*g - 15. Let c be z(10). Let j = -16 - c. Suppose j = k + f + 4*f, -2*k - 3*f = -319. What is the tens digit of k?
6
Suppose 5*i - a = -0*i - 3, -2*i = -5*a + 15. Suppose 2*w - 10 = i, -2*q + 6*w = 2*w - 54. Let j = q - 31. What is the units digit of j?
6
Let f(p) be the third derivative of 0 - 11/30*p**5 + 1/120*p**6 + 0*p + 0*p**3 + 25*p**2 + 1/24*p**4. What is the units digit of f(22)?
2
Let a(f) = 136*f**2 + 82*f - 735. What is the tens digit of a(11)?
2
Let u(z) be the first derivative of -z**3/3 + 5*z**2 - 20*z + 26. Let x be u(5). Let c(w) = -w**3 + 5*w**2 + 5*w + 6. What is the units digit of c(x)?
1
Suppose -4*l = -5*l + 5*p + 11, 2*p + 4 = 0. What is the hundreds digit of l*(-4 - 0) + 496 + 3?
4
Let b be (-16500)/(-120) + ((-2)/4)/1. Let o = 163 - b. What is the units digit of o?
6
What is the thousands digit of (-26)/260 - 771714/(-60) - (-8)/(-10)?
2
Let t = 2733 - 367. Let j = -1621 + t. What is the units digit of j?
5
Let d = 18110 + 14692. What is the tens digit of d?
0
Suppose b - 3*i = 1610, 23*i + 3157 = 2*b + 24*i. What is the tens digit of b?
8
Let b(t) = 26*t**2. Let f be b(-1). Suppose -f*u = -23*u - 9. Suppose -u*w - w + 124 = 0. What is the units digit of w?
1
Suppose -5*l - 112043 = 7*a - 3*a, 0 = 4*l + 4*a + 89636. What is the units digit of (8 - l/28) + 1/(-4)?
8
Suppose -3*s + t = 3306, 2*s + 0*s = t - 2204. What is the hundreds digit of 24/8 + -2 - s?
1
Let g = 9770 + -6336. Suppose -8*l + g = 9*l. What is the units digit of l?
2
What is the tens digit of ((-19)/((-1596)/(-48)))/(4/(-19222))?
4
Let n be 6*(-5 + 22/4). Suppose 0 = -3*i + 502 + 854. Suppose -i = -3*v + 2*l, 428 = n*v + 5*l - l. What is the tens digit of v?
4
Let t = 87580 + -62261. What is the ten thousands digit of t?
2
Let l = -5 - -9. Suppose l*y - 7*y + 1209 = 0. What is the hundreds digit of y?
4
Let r be -129*(6/(-21))/(6/(-7)). Let w = r + 141. What is the units digit of w?
8
Suppose -27*u + 15*u - 64*u = -1985804. What is the hundreds digit of u?
1
Let g = -196 - -238. Suppose 0 = -41*i + g*i - 350. What is the hundreds digit of i?
3
Let c = 71 + -49. Suppose 4*a + 5*s + c + 5 = 0, -5*s = -5*a. What is the units digit of 2/6 + 329/21 - a?
9
Suppose 5*z - 22001 - 22900 - 4659 = 0. What is the hundreds digit of z?
9
Let g(i) = -6*i**2 + 54*i + 2. Let f be g(9). Suppose 5*h + 6800 = 5*k, 5*k + 3*h = -f*h + 6840. What is the hundreds digit of k?
3
Suppose -171*q + 167*q + 4*h + 110852 = 0, 0 = -4*q - 2*h + 110846. What is the units digit of q?
2
Suppose 5*n + 5*c - 100 = 0, -2*n - c + 24 = -14. What is the units digit of 336/(-18)*-2*n/7?
6
Let l = -239 - -191. What is the tens digit of (-7136)/l*(1 + 2)?
4
Suppose 2*d + 3*a = 14412, -7898 = -3*d - 4*a + 13722. What is the hundreds digit of d?
2
Suppose -30*a + 12*a = -66384. What is the thousands digit of a?
3
Let v(m) = 17*m + 5. Let i be v(9). Let p be (-175)/(-49) - (70/(-49) - -1). Suppose 0 = 2*a + p*x - 110, -i = -4*a - x + 76. What is the units digit of a?
9
Suppose -11088241 = -153*g - 28*g. What is the hundreds digit of g?
2
Let o be 243/30 + (-7)/70. Suppose o*a = 1375 + 809. What is the hundreds digit of a?
2
Let v be (-13)/((-1)/(-292)*-4). Let o = -494 + v. What is the tens digit of o?
5
Let d = 239 - 148. What is the units digit of 12/28 - (-30355)/d?
4
Suppose -4*f + 223 = 39. Suppose -40*b + 220 = 20. What is the tens digit of (f/b)/((-17)/(-85))?
4
Suppose -18*y = -21876 - 44544. What is the hundreds digit of y?
6
Let m(c) = 22*c - 13. Let l be (-14)/(-1) + 4/(-1). Let b be m(l). Let o = b + -141. What is the tens digit of o?
6
Let m = -3327 - -3669. What is the tens digit of m?
4
Suppose -3*d - 2*d + 4*z = -102, 0 = -2*d + z + 42. Suppose 2*p + d*p - 27504 = 0. What is the units digit of p?
6
Suppose -4*s + 2*p + 8068 = -3*p, 4034 = 2*s + 5*p. Let j = s - 823. What is the thousands digit of j?
1
Suppose 10 = -15*m + 17*m. Suppose 3*s - m*y = -2012, -y + 5 - 1 = 0. What is the units digit of ((-45)/(-30))/((-6)/s)?
6
Suppose 95*h - 90*h = -5*r + 670, -3*r - h = -408. What is the tens digit of r?
3
Suppose -27259 + 2503 = -o - o. What is the ten thousands digit of o?
1
Let h(r) be the first derivative of r**5/60 - 5*r**4/12 - r**3/2 + 17*r**2/2 - 10. Let u(b) be the second derivative of h(b). What is the units digit of u(11)?
8
Let j(z) = -z**3 - 10*z**2 - 19. Suppose -49 = 7*n + 42. Let b be j(n). Suppose 5*x - 357 - b = 0. What is the units digit of x?
9
Suppose -q + 3*h + 9 = 4*h, 4*h - 16 = 0. Suppose 0*c = q*c - 15. Suppose -c*u + 0*r = -r - 192, 15 = -5*r. What is the units digit of u?
3
Suppose 394 + 334 = 7*s. Suppose -4*f - s = -q, q + 357 = 4*q + 3*f. What is the hundreds digit of q?
1
Suppose -25*n + 35760 = -9*n. Suppose -5*h = -2*b + n, -3*h + 4510 = 4*b - 5*h. What is the hundreds digit of b?
1
Suppose -127*i + 9700719 + 112971 = 443*i. What is the tens digit of i?
1
Let n = -12307 - -23514. What is the thousands digit of n?
1
Let v(w) = -270*w + 53. Let z(l) = -536*l + 104. Let j(x) = -5*v(x) + 3*z(x). What is the tens digit of j(-7)?
5
Suppose 241395 = 5*p + 5*x, -2*p - 428*x = -429*x - 96564. What is the thousands digit of p?
8
Let q be (-15)/(-30) + (-33)/(-2) + -3. Suppose t + 13546 = q*t. What is the tens digit of t?
4
What is the units digit of (118 - 113) + 23*1059?
2
Let b = 31 - 37. Let g be 0/(6/(b + 3)). Suppose g = -4*f - 3*f + 686. What is the units digit of f?
8
Suppose 0 = -18*c + 15*c + 15*c - 40224. What is the units digit of c?
2
Let d(l) = 48*l**2 + 107*l + 31. What is the thousands digit of d(28)?
0
Suppose -34 = -3*g - 14*g. What is the units digit of (-12)/(-6) - g - -379?
9
Suppose 23*b - 30938 = 49838. Let y = b - 2506. What is the thousands digit of y?
1
Let g(r) = -224*r + 20. Let f be g(1). Let k = f - -586. What is the tens digit of k?
8
Suppose z - 4*o = 2*z, 0 = -2*z + 5*o. Let d = z + 4. Suppose -5*x = 4*u - 230, -d*x + 0*u = 2*u - 184. What is the tens digit of x?
4
Let j(v) = -2*v**3 + 227*v**2 - 335*v + 382. What is the thousands digit of j(111)?
4
Suppose -5*q - 3*p + 24491 = 5377, q - p - 3826 = 0. What is the thousands digit of q?
3
Let k = 233 + 58. Suppose 0 = -2*y - b + 34 + 227, -k = -2*y + 5*b. What is the hundreds digit of y?
1
Let r(u) = u**3 - 2*u**2 + 8*u - 14. Let a(f) = f**2 + f - 1. Let o(g) = 5*a(g) - r(g). What is the units digit of o(4)?
5
Let s be (13 - 9)/(3/12*2). Suppose 2*v - 2148 = -3*j, -s*v + 4*v + 4264 = -2*j. What is the units digit of v?
8
Let w(x) = -564*x**3 + 4*x**2 + 7*x + 6. Let c be w(-2). Suppose 0 = 9*g - c - 3895. What is the hundreds digit of g?
9
Suppose t - 3*s + 4 = 2*s, 2*s + 2 = 0. Let q be 71/(-1) + (t - -7). Let l = 0 - q. What is the units digit of l?
3
Let p be (-1)/((-10)/(-4)) + 3713/395. Suppose 5905 = 4*l - p*h + 6*h, 0 = -4*l - 3*h + 5887. What is the thousands digit of l?
1
Let t(r) = 0 - 6 - r**2 - 5*r + 2*r**2. Let k be t(11). Let w = -52 + k. What is the units digit of w?
8
Let a = 17249 + -8680. Suppose -2*b = -7*y - 4*b + a, -b = 5*y - 6119. What is the thousands digit of y?
1
What is the tens digit of 5862 - (70/(-35) - 4/(12/(-21)))?
5
Suppose 0 = -z + 13 + 65. Let q = 185 + z. What is the hundreds digit of q?
2
Let s be 48/36*(-9)/(-4). Suppose 458 = q - 5*g, 1294 = s*q + 3*g - 44. What is the units digit of q?
8
Suppose -r + 5*y + 24973 = 0, 8*r + 2*y + 124727 = 13*r. What is the tens digit of r?
4
Let o(b) = 46 - 2*b**2 - b**2 - 8*b**3 + 26 - 43 + 2*b. What is the tens digit of o(-4)?
8
Suppose -27*v + 128 = -25*v. What is the hundreds digit of (-80)/v - (-2578)/8?
3
Suppose 0 = -t - 5*h - 16, -5*t + 5*h + 40 = 0. Suppose -3*f = -t*s - 21, 2*f = -3*s - f. What is the units digit of -1 - (-52 + (s - -5) - -3)?
6
Let z(w) = -2939*w - 445. What is the thousands digit of z(-4)?
1
Let j = 32808